{"id":156,"date":"2017-12-29T23:28:00","date_gmt":"2017-12-30T05:28:00","guid":{"rendered":"https:\/\/lightsontv.com\/?page_id=156"},"modified":"2022-10-15T20:16:26","modified_gmt":"2022-10-16T01:16:26","slug":"inicio","status":"publish","type":"page","link":"https:\/\/lightsontv.com\/","title":{"rendered":"Inicio"},"content":{"rendered":"<p><!-- Load Facebook SDK for JavaScript --><\/p>\n<p><!-- Your customer chat code --><\/p>\n<h1 class=\"entry-title\" style=\"text-align: center;\"><a href=\"https:\/\/issuu.com\/lightsontv\/docs\">\u00a1Entra a la LOTV Magazine!<\/a><\/h1>\n\n\n<figure class=\"wp-block-image aligncenter size-large\"><img loading=\"lazy\" decoding=\"async\" width=\"1024\" height=\"576\" src=\"https:\/\/lightsontv.com\/wp-content\/uploads\/2022\/10\/oeirgho3-1024x576.jpg\" alt=\"\" class=\"wp-image-5533\" srcset=\"https:\/\/lightsontv.com\/wp-content\/uploads\/2022\/10\/oeirgho3-1024x576.jpg 1024w, https:\/\/lightsontv.com\/wp-content\/uploads\/2022\/10\/oeirgho3-300x169.jpg 300w, https:\/\/lightsontv.com\/wp-content\/uploads\/2022\/10\/oeirgho3-768x432.jpg 768w, https:\/\/lightsontv.com\/wp-content\/uploads\/2022\/10\/oeirgho3-1536x864.jpg 1536w, https:\/\/lightsontv.com\/wp-content\/uploads\/2022\/10\/oeirgho3.jpg 1920w\" sizes=\"auto, (max-width: 1024px) 100vw, 1024px\" \/><\/figure>\n\n\n<p>No te pierdas las ediciones de nuestra revista en donde encontrar\u00e1s toda relacionada con el mundo de la m\u00fasica. Adem\u00e1s, encontrar\u00e1s contenido exclusivo de m\u00fasica&#8230;.Y de otras cosas. <a href=\"https:\/\/issuu.com\/lightsontv\/docs\/lotv_magazine_7\">Leer ahora<\/a><\/p>\n<p>\u00a0<\/p>\n<hr \/>\n<h1 class=\"entry-title\" style=\"text-align: center;\"><a href=\"https:\/\/lightsontv.com\/?cat=29\">\u00a1Te traemos las rese\u00f1as y noticias m\u00e1s relevantes de tus pel\u00edculas favoritas!<\/a><\/h1>\n<h1 class=\"entry-title\" style=\"text-align: center;\"><img loading=\"lazy\" decoding=\"async\" width=\"1024\" height=\"576\" class=\"wp-image-5482\" src=\"https:\/\/lightsontv.com\/wp-content\/uploads\/2022\/10\/Presentacion-encuentra-tu-creatividad-dibujos-doodle-simple-divertida-azul-y-gris-1-1-1024x576.jpg\" alt=\"\" srcset=\"https:\/\/lightsontv.com\/wp-content\/uploads\/2022\/10\/Presentacion-encuentra-tu-creatividad-dibujos-doodle-simple-divertida-azul-y-gris-1-1-1024x576.jpg 1024w, https:\/\/lightsontv.com\/wp-content\/uploads\/2022\/10\/Presentacion-encuentra-tu-creatividad-dibujos-doodle-simple-divertida-azul-y-gris-1-1-300x169.jpg 300w, https:\/\/lightsontv.com\/wp-content\/uploads\/2022\/10\/Presentacion-encuentra-tu-creatividad-dibujos-doodle-simple-divertida-azul-y-gris-1-1-768x432.jpg 768w, https:\/\/lightsontv.com\/wp-content\/uploads\/2022\/10\/Presentacion-encuentra-tu-creatividad-dibujos-doodle-simple-divertida-azul-y-gris-1-1-1536x864.jpg 1536w, https:\/\/lightsontv.com\/wp-content\/uploads\/2022\/10\/Presentacion-encuentra-tu-creatividad-dibujos-doodle-simple-divertida-azul-y-gris-1-1.jpg 1920w\" sizes=\"auto, (max-width: 1024px) 100vw, 1024px\" \/><\/h1>\n\n<p style=\"text-align: center;\"><strong>\u00bfTienes ganas de ir al cine y no sabes que pel\u00edcula ver?<\/strong><\/p>\n<p>Aqu\u00ed te decimos cuales pel\u00edculas est\u00e1n por estrenarse y te daremos una rese\u00f1a sin spoiler, adem\u00e1s de datos curiosos del s\u00e9ptimo arte.\u00a0<a href=\"https:\/\/lightsontv.com\/?cat=29\">Ver m\u00e1s<\/a><\/p>\n<p>\u00a0<\/p>\n<hr \/>\n<h1 class=\"entry-title\" style=\"text-align: center;\"><a href=\"https:\/\/lightsontv.com\/?cat=92\">\u00a1Festivales y mucha buena vibra!<\/a><\/h1>\n\n\n<figure class=\"wp-block-image size-large\"><img loading=\"lazy\" decoding=\"async\" width=\"1024\" height=\"576\" src=\"https:\/\/lightsontv.com\/wp-content\/uploads\/2022\/10\/Presentacion-encuentra-tu-creatividad-dibujos-doodle-simple-divertida-azul-y-gris-2-1024x576.jpg\" alt=\"\" class=\"wp-image-5487\" srcset=\"https:\/\/lightsontv.com\/wp-content\/uploads\/2022\/10\/Presentacion-encuentra-tu-creatividad-dibujos-doodle-simple-divertida-azul-y-gris-2-1024x576.jpg 1024w, https:\/\/lightsontv.com\/wp-content\/uploads\/2022\/10\/Presentacion-encuentra-tu-creatividad-dibujos-doodle-simple-divertida-azul-y-gris-2-300x169.jpg 300w, https:\/\/lightsontv.com\/wp-content\/uploads\/2022\/10\/Presentacion-encuentra-tu-creatividad-dibujos-doodle-simple-divertida-azul-y-gris-2-768x432.jpg 768w, https:\/\/lightsontv.com\/wp-content\/uploads\/2022\/10\/Presentacion-encuentra-tu-creatividad-dibujos-doodle-simple-divertida-azul-y-gris-2-1536x864.jpg 1536w, https:\/\/lightsontv.com\/wp-content\/uploads\/2022\/10\/Presentacion-encuentra-tu-creatividad-dibujos-doodle-simple-divertida-azul-y-gris-2.jpg 1920w\" sizes=\"auto, (max-width: 1024px) 100vw, 1024px\" \/><\/figure>\n\n\n<p style=\"text-align: center;\"><strong>\u00a1Sabemos que te gusta ir a festivales y aqu\u00ed te daremos la informaci\u00f3n que necesitas!<\/strong><\/p>\n<p>Ya sea conocer el lineup, nuevos festivales, consejos y tips para que te la pases de lo mejor. Adem\u00e1s, podr\u00e1s encontrar entrevistas, fotograf\u00edas y un recuento de lo que aconteci\u00f3 en los mejores festivales de Latinoam\u00e9rica y alrededor del mundo. <a href=\"https:\/\/lightsontv.com\/?cat=92\">Ver m\u00e1s<\/a><\/p>\n<p>\u00a0<\/p>\n<hr \/>\n<h1 class=\"entry-title\" style=\"text-align: center;\"><a href=\"https:\/\/lightsontv.com\/?cat=1\">\u00a1Actualiza tu playlist y ent\u00e9rate de los m\u00e1s recientes lanzamientos musicales de tus artistas favoritos!<\/a><\/h1>\n\n\n<figure class=\"wp-block-image size-large\"><img loading=\"lazy\" decoding=\"async\" width=\"1024\" height=\"576\" src=\"https:\/\/lightsontv.com\/wp-content\/uploads\/2022\/10\/Presentacion-encuentra-tu-creatividad-dibujos-doodle-simple-divertida-azul-y-gris-3-1024x576.jpg\" alt=\"\" class=\"wp-image-5490\" srcset=\"https:\/\/lightsontv.com\/wp-content\/uploads\/2022\/10\/Presentacion-encuentra-tu-creatividad-dibujos-doodle-simple-divertida-azul-y-gris-3-1024x576.jpg 1024w, https:\/\/lightsontv.com\/wp-content\/uploads\/2022\/10\/Presentacion-encuentra-tu-creatividad-dibujos-doodle-simple-divertida-azul-y-gris-3-300x169.jpg 300w, https:\/\/lightsontv.com\/wp-content\/uploads\/2022\/10\/Presentacion-encuentra-tu-creatividad-dibujos-doodle-simple-divertida-azul-y-gris-3-768x432.jpg 768w, https:\/\/lightsontv.com\/wp-content\/uploads\/2022\/10\/Presentacion-encuentra-tu-creatividad-dibujos-doodle-simple-divertida-azul-y-gris-3-1536x864.jpg 1536w, https:\/\/lightsontv.com\/wp-content\/uploads\/2022\/10\/Presentacion-encuentra-tu-creatividad-dibujos-doodle-simple-divertida-azul-y-gris-3.jpg 1920w\" sizes=\"auto, (max-width: 1024px) 100vw, 1024px\" \/><\/figure>\n\n\n<p style=\"text-align: center;\">Noticias, m\u00fasica y lo mas relevante de la industria musical. <a href=\"https:\/\/lightsontv.com\/?cat=1\">Ver m\u00e1s<\/a><\/p>\n<p>\u00a0<\/p>","protected":false},"excerpt":{"rendered":"<p>\u00a1Entra a la LOTV Magazine! No te pierdas las ediciones de nuestra revista en donde&#8230;<\/p>\n","protected":false},"author":1,"featured_media":0,"parent":0,"menu_order":0,"comment_status":"open","ping_status":"closed","template":"","meta":{"footnotes":""},"class_list":["post-156","page","type-page","status-publish","hentry"],"_links":{"self":[{"href":"https:\/\/lightsontv.com\/index.php?rest_route=\/wp\/v2\/pages\/156","targetHints":{"allow":["GET"]}}],"collection":[{"href":"https:\/\/lightsontv.com\/index.php?rest_route=\/wp\/v2\/pages"}],"about":[{"href":"https:\/\/lightsontv.com\/index.php?rest_route=\/wp\/v2\/types\/page"}],"author":[{"embeddable":true,"href":"https:\/\/lightsontv.com\/index.php?rest_route=\/wp\/v2\/users\/1"}],"replies":[{"embeddable":true,"href":"https:\/\/lightsontv.com\/index.php?rest_route=%2Fwp%2Fv2%2Fcomments&post=156"}],"version-history":[{"count":33,"href":"https:\/\/lightsontv.com\/index.php?rest_route=\/wp\/v2\/pages\/156\/revisions"}],"predecessor-version":[{"id":5539,"href":"https:\/\/lightsontv.com\/index.php?rest_route=\/wp\/v2\/pages\/156\/revisions\/5539"}],"wp:attachment":[{"href":"https:\/\/lightsontv.com\/index.php?rest_route=%2Fwp%2Fv2%2Fmedia&parent=156"}],"curies":[{"name":"wp","href":"https:\/\/api.w.org\/{rel}","templated":true}]}}